er when 1351 is divided by 26.
25
Calculate the remainder when 225 is divided by 18.
9
Calculate the remainder when 236 is divided by 46.
6
Calculate the remainder when 11157 is divided by 14.
13
Calculate the remainder when 350 is divided by 8.
6
Calculate the remainder when 50 is divided by 35.
15
Calculate the remainder when 72 is divided by 40.
32
Calculate the remainder when 5527 is divided by 35.
32
Calculate the remainder when 121 is divided by 117.
4
Calculate the remainder when 168 is divided by 144.
24
What is the remainder when 111 is divided by 25?
11
What is the remainder when 854 is divided by 78?
74
Calculate the remainder when 1230 is divided by 118.
50
Calculate the remainder when 92 is divided by 33.
26
What is the remainder when 167 is divided by 21?
20
What is the remainder when 5871 is divided by 125?
121
What is the remainder when 6109 is divided by 26?
25
Calculate the remainder when 499 is divided by 171.
157
What is the remainder when 362 is divided by 68?
22
Calculate the remainder when 112 is divided by 44.
24
Calculate the remainder when 325 is divided by 83.
76
What is the remainder when 3586 is divided by 26?
24
Calculate the remainder when 126 is divided by 69.
57
What is the remainder when 577 is divided by 144?
1
Calculate the remainder when 1006 is divided by 25.
6
What is the remainder when 94 is divided by 33?
28
Calculate the remainder when 7496 is divided by 51.
50
Calculate the remainder when 256 is divided by 33.
25
Calculate the remainder when 216 is divided by 72.
0
What is the remainder when 240 is divided by 52?
32
Calculate the remainder when 877 is divided by 22.
19
What is the remainder when 12709 is divided by 10?
9
What is the remainder when 98 is divided by 23?
6
Calculate the remainder when 244 is divided by 15.
4
What is the remainder when 1079 is divided by 60?
59
What is the remainder when 2240 is divided by 9?
8
What is the remainder when 986 is divided by 256?
218
What is the remainder when 70 is divided by 14?
0
Calculate the remainder when 1985 is divided by 14.
11
What is the remainder when 38 is divided by 8?
6
What is the remainder when 16 is divided by 1?
0
Calculate the remainder when 138 is divided by 10.
8
Calculate the remainder when 952 is divided by 35.
7
Calculate the remainder when 489 is divided by 49.
48
What is the remainder when 183 is divided by 46?
45
Calculate the remainder when 1575 is divided by 26.
15
What is the remainder when 130 is divided by 29?
14
Calculate the remainder when 439 is divided by 55.
54
Calculate the remainder when 411 is divided by 134.
9
Calculate the remainder when 2445 is divided by 812.
9
What is the remainder when 384 is divided by 134?
116
Calculate the remainder when 141 is divided by 16.
13
What is the remainder when 64 is divided by 45?
19
Calculate the remainder when 157 is divided by 55.
47
What is the remainder when 83 is divided by 12?
11
What is the remainder when 2973 is divided by 198?
3
Calculate the remainder when 198 is divided by 5.
3
Calculate the remainder when 17133 is divided by 136.
133
What is the remainder when 253 is divided by 57?
25
What is the remainder when 171 is divided by 49?
24
What is the remainder when 228 is divided by 36?
12
What is the remainder when 4326 is divided by 360?
6
Calculate the remainder when 1322 is divided by 95.
87
What is the remainder when 192 is divided by 33?
27
What is the remainder when 208 is divided by 31?
22
What is the remainder when 70 is divided by 39?
31
Calculate the remainder when 35 is divided by 21.
14
What is the remainder when 459 is divided by 37?
15
Calculate the remainder when 664 is divided by 156.
40
Calculate the remainder when 2363 is divided by 10.
3
What is the remainder when 769 is divided by 213?
130
Calculate the remainder when 28967 is divided by 12.
11
What is the remainder when 266 is divided by 41?
20
Calculate the remainder when 72 is divided by 37.
35
Calculate the remainder when 250 is divided by 31.
2
What is the remainder when 73 is divided by 60?
13
What is the remainder when 993 is divided by 166?
163
What is the remainder when 3956 is divided by 1309?
29
What is the remainder when 2462 is divided by 17?
14
Calculate the remainder when 269 is divided by 42.
17
Calculate the remainder when 167 is divided by 45.
32
What is the remainder when 544 is divided by 543?
1
What is the remainder when 336 is divided by 32?
16
What is the remainder when 13362 is divided by 55?
52
What is the remainder when 665 is divided by 133?
0
What is the remainder when 6117 is divided by 161?
160
What is the remainder when 212 is divided by 54?
50
Calculate the remainder when 55573 is divided by 74.
73
What is the remainder when 703 is divided by 89?
80
Calculate the remainder when 247 is divided by 8.
7
What is the remainder when 1375 is divided by 683?
9
What is the remainder when 462 is divided by 31?
28
Calculate the remainder when 3866 is divided by 5.
1
Calculate the remainder when 142 is divided by 9.
7
What is the remainder when 119 is divided by 40?
39
Calculate the remainder when 2758 is divided by 20.
18
Calculate the remainder when 3902 is divided by 21.
17
Calculate the remainder when 140 is divided by 44.
8
Calculate the remainder when 55 is divided by 26.
3
Calculate the remainder when 9599 is divided by 33.
29
Calculate the remainder when 893 is divided by 112.
109
Calculate the remainder when 83 is divided by 44.
39
What is the remainder when 30 is divided by 26?
4
What is the remainder when 378 is divided by 63?
0
What is the remainder when 320 is divided by 22?
12
What is the remainder when 488 is divided by 53?
11
What is the remainder when 3321 is divided by 417?
402
What is the remainder when 489 is divided by 42?
27
Calculate the remainder when 198 is divided by 8.
6
Calculate the remainder when 236 is divided by 6.
2
What is the remainder when 134 is divided by 17?
15
What is the remainder when 1638 is divided by 11?
10
Calculate the remainder when 2904 is divided by 56.
48
Calculate the remainder when 268 is divided by 68.
64
Calculate the remainder when 1841 is divided by 37.
28
Calculate the remainder when 158 is divided by 18.
14
What is the remainder when 76 is divided by 49?
27
Calculate the remainder when 70 is divided by 42.
28
What is the remainder when 169 is divided by 81?
7
Calculate the remainder when 97 is divided by 26.
19
Calculate the remainder when 2802 is divided by 39.
33
What is the remainder when 194 is divided by 191?
3
What is the remainder when 6149 is divided by 30?
29
Calculate the remainder when 662 is divided by 203.
53
Calculate the remainder when 39 is divided by 22.
17
What is the remainder when 226 is divided by 64?
34
What is the remainder when 1138 is divided by 110?
38
What is the remainder when 1647 is divided by 821?
5
What is the remainder when 137 is divided by 5?
2
Calculate the remainder when 363 is divided by 73.
71
Calculate the remainder when 6325 is divided by 37.
35
What is the remainder when 75 is divided by 39?
36
What is the remainder when 89 is divided by 22?
1
Calculate the remainder when 1671 is divided by 40.
31
What is the remainder when 194 is divided by 114?
80
What is the remainder when 2396 is divided by 22?
20
Calculate the remainder when 131 is divided by 117.
14
Calculate the remainder when 12747 is divided by 51.
48
Calculate the remainder when 196 is divided by 53.
37
What is the remainder when 66 is divided by 23?
20
Calculate the remainder when 672 is divided by 653.
19
What is the remainder when 771 is divided by 226?
93
What is the remainder when 2695 is divided by 50?
45
What is the remainder when 175 is divided by 11?
10
What is the remainder when 139 is divided by 36?
31
Calculate the remainder when 2687 is divided by 38.
27
Calculate the remainder when 1121 is divided by 97.
54
What is the remainder when 187 is divided by 22?
11
What is the remainder when 185 is divided by 27?
23
What is the remainder when 31 is divided by 25?
6
What is the remainder when 279 is divided by 136?
7
What is the remainder when 13675 is divided by 97?
95
What is the remainder when 6264 is divided by 13?
11
Calculate the remainder when 104 is divided by 11.
5
What is the remainder when 797 is div